174 (base 8) to base 5
-1432312
Convert -2aa (base 13) to base 12.
-33a
What is 1190 (base 12) in base 13?
b94
What is -210 (base 9) in base 16?
-ab
-4472 (base 8) to base 14
-c0a
Convert -25e (base 16) to base 4.
-21132
What is -102201121 (base 3) in base 13?
-3b77
-45cd (base 15) to base 9
-22284
What is -11264 (base 9) in base 2?
-1110101010110
What is -1100101000100 (base 2) in base 11?
-4950
Convert 2420223 (base 5) to base 4.
23000013
What is 3e3 (base 16) in base 8?
1743
-1700 (base 12) to base 7
-10656
Convert 30052 (base 6) to base 14.
1600
1c2 (base 16) to base 12
316
What is 1021022000 (base 3) in base 13?
b4c3
Convert 71 (base 16) to base 5.
423
What is 4314 (base 5) in base 7?
1463
What is 195a0 (base 12) in base 10?
37128
Convert -36d (base 14) to base 2.
-1010101101
What is -200120 (base 3) in base 13?
-2c7
What is -15b99 (base 13) in base 16?
-a23b
What is 2136 (base 7) in base 15?
35c
Convert 13320 (base 5) to base 6.
5005
What is dd2 (base 14) in base 15?
c22
Convert -2232 (base 8) to base 11.
-981
What is 1013303 (base 4) in base 15?
1565
What is -1541 (base 6) in base 9?
-517
What is aeb (base 15) in base 3?
10101112
What is 24503 (base 11) in base 13?
1304a
Convert -1522 (base 11) to base 15.
-8aa
2003212 (base 4) to base 3
102112221
What is 444 (base 12) in base 2?
1001110100
Convert 253d (base 16) to base 7.
36536
a705 (base 11) to base 14
5238
What is -1227 (base 10) in base 2?
-10011001011
-32214 (base 7) to base 11
-6011
Convert 3312102 (base 4) to base 2.
11110110010010
6740 (base 13) to base 15
4412
What is 1012222221 (base 3) in base 15?
71da
Convert 23563 (base 11) to base 4.
20102131
What is -11100111001 (base 2) in base 7?
-5251
Convert 2800 (base 9) to base 7.
6066
6b72 (base 13) to base 9
22675
de (base 16) to base 14
11c
Convert -113141 (base 6) to base 13.
-45b5
Convert -1939 (base 10) to base 14.
-9c7
2012001111 (base 3) to base 11
2a388
What is -770 (base 8) in base 4?
-13320
What is 1ac5 (base 13) in base 5?
112143
Convert 637b (base 12) to base 7.
43523
-114447 (base 8) to base 6
-501303
Convert 20046 (base 7) to base 10.
4836
Convert 4b0 (base 14) to base 4.
32222
What is -1941c (base 13) in base 6?
-1015003
407 (base 11) to base 15
22b
What is 1011011111 (base 2) in base 11?
609
-110233301 (base 4) to base 15
-1a2a2
What is -1db (base 15) in base 8?
-657
-5d82 (base 16) to base 2
-101110110000010
Convert 1842 (base 16) to base 11.
4736
What is -297 (base 12) in base 3?
-112221
What is 25266 (base 10) in base 11?
17a8a
Convert -63b (base 16) to base 4.
-120323
-2241 (base 7) to base 13
-4a7
Convert -64e0 (base 16) to base 4.
-12103200
What is 801a (base 11) in base 9?
15564
Convert -1116 (base 7) to base 8.
-625
Convert -4c4 (base 13) to base 6.
-3512
What is -881 (base 11) in base 15?
-4a7
What is -174 (base 11) in base 15?
-d7
-91 (base 10) to base 11
-83
1321123 (base 5) to base 15
7c5d
Convert 3833 (base 14) to base 8.
23165
340244 (base 6) to base 9
43221
Convert -1d8 (base 15) to base 6.
-1552
Convert 348 (base 11) to base 16.
19f
What is 221 (base 13) in base 14?
1c1
Convert -68a (base 14) to base 13.
-78b
Convert -1302 (base 12) to base 6.
-14002
What is -1122211111 (base 3) in base 14?
-bca7
33343 (base 5) to base 2
100100101100
Convert -1052 (base 9) to base 2.
-1100001000
Convert 602 (base 8) to base 3.
112022
Convert 103 (base 14) to base 16.
c7
Convert 1010110111101011 (base 2) to base 15.
d2d3
What is -100010010010101 (base 2) in base 6?
-213141
What is 29 (base 13) in base 2?
100011
-326442 (base 7) to base 9
-86786
Convert 10033 (base 4) to base 8.
417
-6cc1 (base 15) to base 12
-11477
What is 88 (base 15) in base 11?
107
Convert -6c4 (base 15) to base 8.
-2776
-2322232 (base 4) to base 5
-340300
34434 (base 11) to base 5
3043033
Convert 17 (base 14) to base 10.
21
What is -4524 (base 7) in base 15?
-740
Convert -1321 (base 5) to base 8.
-323
-183 (base 14) to base 15
-15b
What is 14179 (base 10) in base 4?
3131203
-1855 (base 14) to base 10
-4387
Convert -1341 (base 12) to base 2.
-100010100001
571 (base 12) to base 4
30211
What is 5cb6 (base 13) in base 5?
410122
Convert -527 (base 8) to base 13.
-205
Convert -100011100110 (base 2) to base 15.
-a1d
e1 (base 15) to base 7
421
411 (base 6) to base 9
177
What is -655 (base 8) in base 14?
-229
Convert -22001001 (base 3) to base 15.
-1b0a
Convert -6506 (base 7) to base 8.
-4405
What is -b9 (base 15) in base 10?
-174
What is -338 (base 12) in base 4?
-13130
Convert 70e (base 15) to base 12.
b05
Convert 15782 (base 12) to base 4.
13130102
What is -b5c (base 15) in base 5?
-40222
Convert -10001212222 (base 3) to base 13.
-21671
Convert -48d (base 15) to base 2.
-10000001001
Convert -112 (base 16) to base 15.
-134
48f (base 16) to base 12
813
719 (base 10) to base 13
434
Convert -25183 (base 9) to base 11.
-11795
1000100001 (base 2) to base 12
395
What is -799 (base 10) in base 8?
-1437
85 (base 12) to base 6
245
What is -1a9a (base 11) in base 9?
-3564
-1223020 (base 5) to base 6
-300502
What is -35233 (base 6) in base 13?
-23c4
What is 129 (base 15) in base 13?
174
562 (base 13) to base 15
41a
12221 (base 4) to base 2
110101001
Convert -343 (base 5) to base 9.
-118
-41410 (base 8) to base 6
-211240
460 (base 10) to base 8
714
Convert 1175 (base 8) to base 13.
3a0
What is -1110000110100 (base 2) in base 14?
-28ba
What is 1212033 (base 5) in base 10?
22768
-2089 (base 14) to base 16
-15e9
Convert -261 (base 13) to base 5.
-3132
1442 (base 5) to base 11
205
Convert 11e (base 15) to base 14.
142
-431 (base 5) to base 8
-164
What is 1010100101100001 (base 2) in base 8?
124541
What is 212022010 (base 3) in base 4?
10021122
Convert -2120221 (base 3) to base 9.
-2527
67d (base 16) to base 14
869
Convert 1141c (base 14) to base 4.
22033302
-67d8 (base 16) to base 11
-18a78
What is 1444 (base 5) in base 14?
13b
54 (base 13) to base 15
49
What is -4824 (base 9) in base 8?
-7002
-10443 (base 5) to base 14
-3b6
-1064 (base 8) to base 5
-4224
Convert -112566 (base 8) to base 16.
-9576
-53a (base 14) to base 13
-615
What is 210202112 (base 3) in base 8?
36767
What is 463 (base 15) in base 11?
823
What is 26c4 (base 14) in base 8?
15264
What is 44863 (base 10) in base 2?
1010111100111111
331200 (base 4) to base 11
2a59
What is -4533 (base 6) in base 16?
-429
54601 (base 8) to base 6
254025
What is -1312 (base 6) in base 12?
-238
What is -294d (base 14) in base 5?
-213241
Convert -38a6 (base 15) to base 12.
-6ba9
What is 5a58 (base 12) in base 14?
39ac
Convert 10045 (base 9) to base 4.
1213022
-ae1 (base 16) to base 12
-1741
9002 (base 11) to base 6
131245
2113020 (base 5) to base 10
35385
What is -924 (base 10) in base 12?
-650
45c (base 13) to base 15
353
60b8 (base 13) to base 10
13333
What is 102013 (base 4) in base 6?
5211
100010111010000 (base 2) to base 12
a414
13b9 (base 13) to base 15
ca6
-22333 (base 12) to base 2
-1011000101010111
Convert 15466 (base 8) to base 5.
210331
Convert 454 (base 10) to base 8.
706
What is -602 (base 12) in base 6?
-4002
Convert 20232 (base 6) to base 15.
bde
Convert -43564 (base 9) to base 16.
-70de
What is 210 (base 3) in base 8?
25
What is -111211 (base 3) in base 2?
-101110101
What is -1357 (base 8) in base 4?
-23233
What is 426 (base 11) in base 12?
368
Convert 21250 (base 7) to base 2.
1010010011110
88e (base 16) to base 9
3003
What is 10001110011 (base 2) in base 15?
50e
What is -1011242 (base 5) in base 8?
-40077
122011 (base 3) to base 9
564
What is -20033 (base 4) in base 12?
-37b
47611 (base 8) to base 16
4f89
1334 (base 5) to base 14
119
3750 (base 8) to base 5
31044
Convert -152 (base 13) to base 15.
-10b
Convert -112003 (base 5) to base 2.
-111110100011
What is 2006 (base 12) in base 14?
1394
What is -1001000010101100 (base 2) in base 10?
-37036
What is -270 (base 13) in base 5?
-3204
Convert 3ad9 (base 14) to base 3.
112020120
-3302120 (base 4) to base 5
-444022
-100101110100 (base 2) to base 4
-211310
What is -11e (base 15) in base 13?
-167
-121 (base 12) to base 2
-10101001
20020 (base 4) to base 15
24a
Convert -b8 (base 16) to base 6.
-504
Convert -231301 (base 7) to base 15.
-c38d
-474 (base 11) to base 15
-27a
Convert 4523 (base 7) to base 3.
2020112
-10431 (base 5) to base 13
-450
What is -201 (ba